{"id":270,"date":"2019-08-18T21:54:09","date_gmt":"2019-08-18T21:54:09","guid":{"rendered":"https:\/\/www.proofhouse.rs\/?page_id=270"},"modified":"2019-08-18T23:26:18","modified_gmt":"2019-08-18T23:26:18","slug":"ispitivanje-oruzja","status":"publish","type":"page","link":"https:\/\/www.proofhouse.rs\/?page_id=270","title":{"rendered":"Ispitivanje oru\u017eja"},"content":{"rendered":"<h6>Ispitivanje i \u017eigosanje ru\u010dnog vatrenog oru\u017eja: lova\u010dkih pu\u0161aka, lova\u010dkih karabina, malokalibarskih pu\u0161aka, pi\u0161tolja, revolvera, onesposobljenog (deaktiviranog) oru\u017eja i ostalog oru\u017eja koje za pogon koristi energiju barutnih gasova.<\/h6>\n<figure><a href=\"https:\/\/www.proofhouse.rs\/wp-content\/uploads\/2019\/08\/IMG_0170.jpg\" data-elementor-open-lightbox=\"default\" data-elementor-lightbox-slideshow=\"60c8926\" data-elementor-lightbox-index=\"0\"><img decoding=\"async\" src=\"https:\/\/www.proofhouse.rs\/wp-content\/uploads\/elementor\/thumbs\/IMG_0170-oc98s8bhdih6tdhzywddklwq9t0cvesvohcapv2zbs.jpg\" alt=\"IMG_0170\" \/><\/a><\/figure>\n<figure><a href=\"https:\/\/www.proofhouse.rs\/wp-content\/uploads\/2019\/08\/IMG_0168.jpg\" data-elementor-open-lightbox=\"default\" data-elementor-lightbox-slideshow=\"60c8926\" data-elementor-lightbox-index=\"1\"><img decoding=\"async\" src=\"https:\/\/www.proofhouse.rs\/wp-content\/uploads\/elementor\/thumbs\/IMG_0168-oc98s6fszuem65kq9vk4fmdt319mg0lf081brb5ro8.jpg\" alt=\"IMG_0168\" \/><\/a><\/figure>\n<figure><a href=\"https:\/\/www.proofhouse.rs\/wp-content\/uploads\/2019\/08\/IMG_0165.jpg\" data-elementor-open-lightbox=\"default\" data-elementor-lightbox-slideshow=\"60c8926\" data-elementor-lightbox-index=\"2\"><img decoding=\"async\" src=\"https:\/\/www.proofhouse.rs\/wp-content\/uploads\/elementor\/thumbs\/IMG_0165-oc98s4k4m6c1ixngkuqvamuvw9iw0mdybyqcsr8k0o.jpg\" alt=\"IMG_0165\" \/><\/a><\/figure>\n<figure><a href=\"https:\/\/www.proofhouse.rs\/wp-content\/uploads\/2019\/08\/IMG_0211.jpg\" data-elementor-open-lightbox=\"default\" data-elementor-lightbox-slideshow=\"60c8926\" data-elementor-lightbox-index=\"3\"><img decoding=\"async\" src=\"https:\/\/www.proofhouse.rs\/wp-content\/uploads\/elementor\/thumbs\/IMG_0211-oc98slh816z7bwyvu225jil6l77hv694eah3fqjgwo.jpg\" alt=\"IMG_0211\" \/><\/a><\/figure>\n<figure><a href=\"https:\/\/www.proofhouse.rs\/wp-content\/uploads\/2019\/08\/IMG_0201.jpg\" data-elementor-open-lightbox=\"default\" data-elementor-lightbox-slideshow=\"60c8926\" data-elementor-lightbox-index=\"4\"><img decoding=\"async\" src=\"https:\/\/www.proofhouse.rs\/wp-content\/uploads\/elementor\/thumbs\/IMG_0201-oc98sjljniwmop1m518wej29efgrfs1nq164h6m994.jpg\" alt=\"IMG_0201\" \/><\/a><\/figure>\n","protected":false},"excerpt":{"rendered":"<p>Ispitivanje i \u017eigosanje ru\u010dnog vatrenog oru\u017eja: lova\u010dkih pu\u0161aka, lova\u010dkih karabina, malokalibarskih pu\u0161aka, pi\u0161tolja, revolvera, onesposobljenog (deaktiviranog) oru\u017eja i ostalog oru\u017eja koje za pogon koristi energiju barutnih gasova.<\/p>\n","protected":false},"author":1,"featured_media":0,"parent":0,"menu_order":0,"comment_status":"closed","ping_status":"closed","template":"","meta":{"footnotes":""},"_links":{"self":[{"href":"https:\/\/www.proofhouse.rs\/index.php?rest_route=\/wp\/v2\/pages\/270"}],"collection":[{"href":"https:\/\/www.proofhouse.rs\/index.php?rest_route=\/wp\/v2\/pages"}],"about":[{"href":"https:\/\/www.proofhouse.rs\/index.php?rest_route=\/wp\/v2\/types\/page"}],"author":[{"embeddable":true,"href":"https:\/\/www.proofhouse.rs\/index.php?rest_route=\/wp\/v2\/users\/1"}],"replies":[{"embeddable":true,"href":"https:\/\/www.proofhouse.rs\/index.php?rest_route=%2Fwp%2Fv2%2Fcomments&post=270"}],"version-history":[{"count":6,"href":"https:\/\/www.proofhouse.rs\/index.php?rest_route=\/wp\/v2\/pages\/270\/revisions"}],"predecessor-version":[{"id":286,"href":"https:\/\/www.proofhouse.rs\/index.php?rest_route=\/wp\/v2\/pages\/270\/revisions\/286"}],"wp:attachment":[{"href":"https:\/\/www.proofhouse.rs\/index.php?rest_route=%2Fwp%2Fv2%2Fmedia&parent=270"}],"curies":[{"name":"wp","href":"https:\/\/api.w.org\/{rel}","templated":true}]}}